{"id":542,"date":"2024-07-17T12:55:39","date_gmt":"2024-07-17T12:55:39","guid":{"rendered":"https:\/\/pvz.se\/vdh\/?page_id=542"},"modified":"2024-07-18T15:12:38","modified_gmt":"2024-07-18T15:12:38","slug":"om-vedhamn","status":"publish","type":"page","link":"https:\/\/pvz.se\/vdh\/om-vedhamn\/","title":{"rendered":"Om Vedhamn"},"content":{"rendered":"\t\t<div data-elementor-type=\"wp-page\" data-elementor-id=\"542\" class=\"elementor elementor-542\" data-elementor-post-type=\"page\">\n\t\t\t\t<div class=\"elementor-element elementor-element-a83e2d3 e-con-full e-flex e-con e-parent\" data-id=\"a83e2d3\" data-element_type=\"container\" data-e-type=\"container\" data-settings=\"{&quot;background_background&quot;:&quot;classic&quot;}\">\n\t\t\t\t<div class=\"elementor-element elementor-element-0e6749c elementor-widget elementor-widget-image\" data-id=\"0e6749c\" data-element_type=\"widget\" data-e-type=\"widget\" data-widget_type=\"image.default\">\n\t\t\t\t<div class=\"elementor-widget-container\">\n\t\t\t\t\t\t\t\t\t\t\t\t\t\t\t<img fetchpriority=\"high\" decoding=\"async\" width=\"800\" height=\"290\" src=\"https:\/\/pvz.se\/vdh\/wp-content\/uploads\/2024\/07\/vedhamn_symbol-1-1024x371.png\" class=\"attachment-large size-large wp-image-522\" alt=\"\" srcset=\"https:\/\/pvz.se\/vdh\/wp-content\/uploads\/2024\/07\/vedhamn_symbol-1-1024x371.png 1024w, https:\/\/pvz.se\/vdh\/wp-content\/uploads\/2024\/07\/vedhamn_symbol-1-300x109.png 300w, https:\/\/pvz.se\/vdh\/wp-content\/uploads\/2024\/07\/vedhamn_symbol-1-768x278.png 768w, https:\/\/pvz.se\/vdh\/wp-content\/uploads\/2024\/07\/vedhamn_symbol-1-1536x556.png 1536w, https:\/\/pvz.se\/vdh\/wp-content\/uploads\/2024\/07\/vedhamn_symbol-1-2048x741.png 2048w\" sizes=\"(max-width: 800px) 100vw, 800px\" \/>\t\t\t\t\t\t\t\t\t\t\t\t\t\t\t<\/div>\n\t\t\t\t<\/div>\n\t\t\t\t<div class=\"elementor-element elementor-element-7b814b9b elementor-widget elementor-widget-heading\" data-id=\"7b814b9b\" data-element_type=\"widget\" data-e-type=\"widget\" data-settings=\"{&quot;_animation&quot;:&quot;none&quot;}\" data-widget_type=\"heading.default\">\n\t\t\t\t<div class=\"elementor-widget-container\">\n\t\t\t\t\t<h1 class=\"elementor-heading-title elementor-size-default\">Om Vedhamn<\/h1>\t\t\t\t<\/div>\n\t\t\t\t<\/div>\n\t\t\t\t<\/div>\n\t\t<div class=\"elementor-element elementor-element-546b86b9 e-con-full e-flex e-con e-parent\" data-id=\"546b86b9\" data-element_type=\"container\" data-e-type=\"container\" id=\"next\" data-settings=\"{&quot;background_background&quot;:&quot;classic&quot;}\">\n\t\t<div class=\"elementor-element elementor-element-7750884c e-con-full e-flex e-con e-child\" data-id=\"7750884c\" data-element_type=\"container\" data-e-type=\"container\" data-settings=\"{&quot;background_background&quot;:&quot;classic&quot;}\">\n\t\t\t\t<div class=\"elementor-element elementor-element-848df30 elementor-widget elementor-widget-heading\" data-id=\"848df30\" data-element_type=\"widget\" data-e-type=\"widget\" data-widget_type=\"heading.default\">\n\t\t\t\t<div class=\"elementor-widget-container\">\n\t\t\t\t\t<h2 class=\"elementor-heading-title elementor-size-default\">Varmt v\u00e4lkommen <br>till Vedhamn<\/h2>\t\t\t\t<\/div>\n\t\t\t\t<\/div>\n\t\t\t\t<div class=\"elementor-element elementor-element-545d57c0 elementor-widget elementor-widget-text-editor\" data-id=\"545d57c0\" data-element_type=\"widget\" data-e-type=\"widget\" data-widget_type=\"text-editor.default\">\n\t\t\t\t<div class=\"elementor-widget-container\">\n\t\t\t\t\t\t\t\t\t<p>Vedhamn har f\u00e5tt sitt namn fr\u00e5n samh\u00e4llet Vedhall som ligger d\u00e4r bron till lilla Fj\u00e4llsholmen m\u00f6ter fastlandet 20 minuter fr\u00e5n Kung\u00e4lv. B\u00e5tv\u00e4gen \u00e4r det fem distansminuter fr\u00e5n Marstrand, Knippla och Bj\u00f6rlanda.<\/p>\t\t\t\t\t\t\t\t<\/div>\n\t\t\t\t<\/div>\n\t\t\t\t<div class=\"elementor-element elementor-element-9c1e9ed elementor-widget elementor-widget-heading\" data-id=\"9c1e9ed\" data-element_type=\"widget\" data-e-type=\"widget\" data-widget_type=\"heading.default\">\n\t\t\t\t<div class=\"elementor-widget-container\">\n\t\t\t\t\t<h2 class=\"elementor-heading-title elementor-size-default\">hamnen<\/h2>\t\t\t\t<\/div>\n\t\t\t\t<\/div>\n\t\t\t\t<div class=\"elementor-element elementor-element-289f982 elementor-widget elementor-widget-text-editor\" data-id=\"289f982\" data-element_type=\"widget\" data-e-type=\"widget\" data-widget_type=\"text-editor.default\">\n\t\t\t\t<div class=\"elementor-widget-container\">\n\t\t\t\t\t\t\t\t\t<p><span style=\"color: var( --e-global-color-e2b494d ); font-family: var( --e-global-typography-text-font-family ), Sans-serif; font-size: var( --e-global-typography-text-font-size ); font-style: var( --e-global-typography-text-font-style ); font-weight: var( --e-global-typography-text-font-weight ); letter-spacing: var( --e-global-typography-text-letter-spacing ); text-transform: var( --e-global-typography-text-text-transform ); word-spacing: var( --e-global-typography-text-word-spacing ); background-color: var( --e-global-color-primary ); text-align: var(--text-align);\">Bolaget Vedhamn har tagit \u00f6ver hamnverksamheten. Under 2017 genomf\u00f6rdes byggnation av bryggor samt v\u00e5gbrytare vilket sammanlagt skapade ca 40 nya b\u00e5tplatser.<\/span><\/p><p>Under 2018 revs tr\u00e4bryggorna, endast tr\u00e4bryggan n\u00e4rmast parkeringen \u00e4r kvar (brygga A).\u00a0<\/p>\t\t\t\t\t\t\t\t<\/div>\n\t\t\t\t<\/div>\n\t\t\t\t<div class=\"elementor-element elementor-element-8878de4 elementor-widget elementor-widget-heading\" data-id=\"8878de4\" data-element_type=\"widget\" data-e-type=\"widget\" data-widget_type=\"heading.default\">\n\t\t\t\t<div class=\"elementor-widget-container\">\n\t\t\t\t\t<h2 class=\"elementor-heading-title elementor-size-default\">paddling<\/h2>\t\t\t\t<\/div>\n\t\t\t\t<\/div>\n\t\t\t\t<div class=\"elementor-element elementor-element-80695e4 link_col elementor-widget elementor-widget-text-editor\" data-id=\"80695e4\" data-element_type=\"widget\" data-e-type=\"widget\" data-widget_type=\"text-editor.default\">\n\t\t\t\t<div class=\"elementor-widget-container\">\n\t\t\t\t\t\t\t\t\t<p>Sedan 2024 erbjuds h\u00e4r \u00e4ven paddling f\u00f6r en eller tv\u00e5 personer per kajak. <a href=\"\/paddling\/\">Klicka h\u00e4r<\/a>\u00a0f\u00f6r att l\u00e4sa mer eller boka!<\/p>\t\t\t\t\t\t\t\t<\/div>\n\t\t\t\t<\/div>\n\t\t\t\t<div class=\"elementor-element elementor-element-dc2d39d elementor-widget elementor-widget-heading\" data-id=\"dc2d39d\" data-element_type=\"widget\" data-e-type=\"widget\" data-widget_type=\"heading.default\">\n\t\t\t\t<div class=\"elementor-widget-container\">\n\t\t\t\t\t<h2 class=\"elementor-heading-title elementor-size-default\">parkering<\/h2>\t\t\t\t<\/div>\n\t\t\t\t<\/div>\n\t\t\t\t<div class=\"elementor-element elementor-element-99efba7 elementor-widget elementor-widget-text-editor\" data-id=\"99efba7\" data-element_type=\"widget\" data-e-type=\"widget\" data-widget_type=\"text-editor.default\">\n\t\t\t\t<div class=\"elementor-widget-container\">\n\t\t\t\t\t\t\t\t\t<p><span style=\"color: var( --e-global-color-e2b494d ); font-family: var( --e-global-typography-text-font-family ), Sans-serif; font-size: var( --e-global-typography-text-font-size ); font-style: var( --e-global-typography-text-font-style ); font-weight: var( --e-global-typography-text-font-weight ); letter-spacing: var( --e-global-typography-text-letter-spacing ); text-transform: var( --e-global-typography-text-text-transform ); word-spacing: var( --e-global-typography-text-word-spacing ); background-color: var( --e-global-color-primary ); text-align: var(--text-align);\">\u00c4ven parkeringen drivs av Vedhamn.<\/span><\/p>\t\t\t\t\t\t\t\t<\/div>\n\t\t\t\t<\/div>\n\t\t\t\t<div class=\"elementor-element elementor-element-8c85906 elementor-widget elementor-widget-heading\" data-id=\"8c85906\" data-element_type=\"widget\" data-e-type=\"widget\" data-widget_type=\"heading.default\">\n\t\t\t\t<div class=\"elementor-widget-container\">\n\t\t\t\t\t<h2 class=\"elementor-heading-title elementor-size-default\">kontakt<\/h2>\t\t\t\t<\/div>\n\t\t\t\t<\/div>\n\t\t\t\t<div class=\"elementor-element elementor-element-39d98c7 elementor-widget elementor-widget-text-editor\" data-id=\"39d98c7\" data-element_type=\"widget\" data-e-type=\"widget\" data-widget_type=\"text-editor.default\">\n\t\t\t\t<div class=\"elementor-widget-container\">\n\t\t\t\t\t\t\t\t\t<p><span style=\"background-color: var( --e-global-color-primary ); color: var( --e-global-color-e2b494d ); font-family: var( --e-global-typography-text-font-family ), Sans-serif; font-size: var( --e-global-typography-text-font-size ); font-style: var( --e-global-typography-text-font-style ); font-weight: var( --e-global-typography-text-font-weight ); letter-spacing: var( --e-global-typography-text-letter-spacing ); text-align: var(--text-align); text-transform: var( --e-global-typography-text-text-transform ); word-spacing: var( --e-global-typography-text-word-spacing );\">Du n\u00e5r oss enklast p\u00e5 telefon 0761-30 30 30 eller e-post info@vedhamn.com<\/span><\/p>\t\t\t\t\t\t\t\t<\/div>\n\t\t\t\t<\/div>\n\t\t\t\t<\/div>\n\t\t<div class=\"elementor-element elementor-element-640520c7 e-con-full e-flex e-con e-child\" data-id=\"640520c7\" data-element_type=\"container\" data-e-type=\"container\" data-settings=\"{&quot;background_background&quot;:&quot;classic&quot;}\">\n\t\t\t\t<\/div>\n\t\t\t\t<\/div>\n\t\t\t\t<\/div>\n\t\t","protected":false},"excerpt":{"rendered":"<p>Om Vedhamn Varmt v\u00e4lkommen till Vedhamn Vedhamn har f\u00e5tt sitt namn fr\u00e5n samh\u00e4llet Vedhall som ligger d\u00e4r bron till lilla Fj\u00e4llsholmen m\u00f6ter fastlandet 20 minuter fr\u00e5n Kung\u00e4lv. B\u00e5tv\u00e4gen \u00e4r det fem distansminuter fr\u00e5n Marstrand, Knippla och Bj\u00f6rlanda. hamnen Bolaget Vedhamn har tagit \u00f6ver hamnverksamheten. Under 2017 genomf\u00f6rdes byggnation av bryggor samt v\u00e5gbrytare vilket sammanlagt skapade [&hellip;]<\/p>\n","protected":false},"author":1,"featured_media":0,"parent":0,"menu_order":0,"comment_status":"closed","ping_status":"closed","template":"elementor_header_footer","meta":{"footnotes":""},"class_list":["post-542","page","type-page","status-publish","hentry"],"_links":{"self":[{"href":"https:\/\/pvz.se\/vdh\/wp-json\/wp\/v2\/pages\/542","targetHints":{"allow":["GET"]}}],"collection":[{"href":"https:\/\/pvz.se\/vdh\/wp-json\/wp\/v2\/pages"}],"about":[{"href":"https:\/\/pvz.se\/vdh\/wp-json\/wp\/v2\/types\/page"}],"author":[{"embeddable":true,"href":"https:\/\/pvz.se\/vdh\/wp-json\/wp\/v2\/users\/1"}],"replies":[{"embeddable":true,"href":"https:\/\/pvz.se\/vdh\/wp-json\/wp\/v2\/comments?post=542"}],"version-history":[{"count":112,"href":"https:\/\/pvz.se\/vdh\/wp-json\/wp\/v2\/pages\/542\/revisions"}],"predecessor-version":[{"id":1237,"href":"https:\/\/pvz.se\/vdh\/wp-json\/wp\/v2\/pages\/542\/revisions\/1237"}],"wp:attachment":[{"href":"https:\/\/pvz.se\/vdh\/wp-json\/wp\/v2\/media?parent=542"}],"curies":[{"name":"wp","href":"https:\/\/api.w.org\/{rel}","templated":true}]}}